{"id":8,"date":"2010-05-18T10:15:36","date_gmt":"2010-05-18T10:15:36","guid":{"rendered":"http:\/\/www.kai-niebuhr.de\/portfolio\/?page_id=8"},"modified":"2010-05-18T10:15:36","modified_gmt":"2010-05-18T10:15:36","slug":"biographie","status":"publish","type":"page","link":"https:\/\/www.kai-niebuhr.de\/index.php\/biographie\/","title":{"rendered":"Biographie"},"content":{"rendered":"<p><strong>Was bisher geschah&#8230;<\/strong><\/p>\n<p>&nbsp;<\/p>\n<table width=\"100%\" border=\"0\" cellspacing=\"1px\" align=\"left\">\n<tbody>\n<tr valign=\"top\">\n<td width=\"12%\">2009<\/td>\n<td width=\"88%\">Diplom der Freien Kunst<\/td>\n<\/tr>\n<tr valign=\"top\">\n<td>2001-2009<\/td>\n<td>Beginn des Studiums der Freien Kunst (Freie Zeichnung u. Druckgrafik)<br \/>\nbei Uwe Meier-Weitmar und Kerstin Abraham (Freie Kunst und Keramik), Muthesius Kunsthochschule Kiel<\/td>\n<\/tr>\n<tr>\n<td>1995-1997<\/td>\n<td>Ausbildung zum Buchh\u00e4ndler, IHK L\u00fcbeck<\/td>\n<\/tr>\n<\/tbody>\n<\/table>\n<p>&nbsp;<\/p>\n<p><strong>Berufliche T\u00e4tigkeit<\/strong><\/p>\n<p>&nbsp;<\/p>\n<table width=\"100%\" border=\"0\" cellspacing=\"1px\" align=\"left\">\n<tbody>\n<tr valign=\"top\">\n<td>seit 2005<\/td>\n<td>Bibliotheksangestellter Muthesius Kunsthochschule, Kiel<\/td>\n<\/tr>\n<tr valign=\"top\">\n<td>2001-2005<\/td>\n<td>Wiss. Hilfskraft, Bibliothek Kunsthalle zu Kiel<\/td>\n<\/tr>\n<tr valign=\"top\">\n<td>1995-1997<\/td>\n<td>Gesch\u00e4ftsf\u00fchrer, Buchhandlung Zapata, Kiel<\/td>\n<\/tr>\n<tr valign=\"top\">\n<td width=\"12%\">2000<\/td>\n<td width=\"88%\">Ausbilderpr\u00fcfung, IHK Kiel<\/td>\n<\/tr>\n<tr valign=\"top\">\n<td>1995-1997<\/td>\n<td>Auszubildender, Buchhandlung Zapata, Kiel<\/td>\n<\/tr>\n<tr valign=\"top\">\n<td>1983<\/td>\n<td>Ausbildung zum Krankenpfleger, mit anschlie\u00dfender Berufserfahrung<\/td>\n<\/tr>\n<\/tbody>\n<\/table>\n<p>&nbsp;<\/p>\n","protected":false},"excerpt":{"rendered":"<p>Was bisher geschah&#8230; &nbsp; 2009 Diplom der Freien Kunst 2001-2009 Beginn des Studiums der Freien Kunst (Freie Zeichnung u. Druckgrafik) bei Uwe Meier-Weitmar und Kerstin Abraham (Freie Kunst und Keramik), Muthesius Kunsthochschule Kiel 1995-1997 Ausbildung zum Buchh\u00e4ndler, IHK L\u00fcbeck &nbsp; Berufliche T\u00e4tigkeit &nbsp; seit 2005 Bibliotheksangestellter Muthesius Kunsthochschule, Kiel 2001-2005 Wiss. Hilfskraft, Bibliothek Kunsthalle zu&#8230; <\/p>\n<div class=\"read-more navbutton\"><a href=\"https:\/\/www.kai-niebuhr.de\/index.php\/biographie\/\">Read More<i class=\"fa fa-angle-double-right\"><\/i><\/a><\/div>\n","protected":false},"author":1,"featured_media":0,"parent":0,"menu_order":0,"comment_status":"closed","ping_status":"closed","template":"","meta":{"footnotes":""},"class_list":["post-8","page","type-page","status-publish","hentry"],"_links":{"self":[{"href":"https:\/\/www.kai-niebuhr.de\/index.php\/wp-json\/wp\/v2\/pages\/8"}],"collection":[{"href":"https:\/\/www.kai-niebuhr.de\/index.php\/wp-json\/wp\/v2\/pages"}],"about":[{"href":"https:\/\/www.kai-niebuhr.de\/index.php\/wp-json\/wp\/v2\/types\/page"}],"author":[{"embeddable":true,"href":"https:\/\/www.kai-niebuhr.de\/index.php\/wp-json\/wp\/v2\/users\/1"}],"replies":[{"embeddable":true,"href":"https:\/\/www.kai-niebuhr.de\/index.php\/wp-json\/wp\/v2\/comments?post=8"}],"version-history":[{"count":0,"href":"https:\/\/www.kai-niebuhr.de\/index.php\/wp-json\/wp\/v2\/pages\/8\/revisions"}],"wp:attachment":[{"href":"https:\/\/www.kai-niebuhr.de\/index.php\/wp-json\/wp\/v2\/media?parent=8"}],"curies":[{"name":"wp","href":"https:\/\/api.w.org\/{rel}","templated":true}]}}